is 554063 (base 10) in base 4?
2013101033
What is -69274c (base 13) in base 9?
-4615224
Convert -453c71 (base 16) to base 3.
-22112112012222
1055412 (base 6) to base 8
152140
Convert b5a651 (base 13) to base 6.
231032142
Convert 64050 (base 16) to base 10.
409680
Convert 10201102012 (base 3) to base 13.
2741c
What is -663606 (base 8) in base 14?
-5b446
436405 (base 7) to base 5
4423230
Convert 2002110120000 (base 3) to base 10.
1111401
Convert 100010311 (base 4) to base 5.
4101340
-16a3a81 (base 15) to base 2
-111110110011111011010101
What is -adcaaa (base 14) in base 9?
-12111611
What is 1a2373a (base 11) in base 15?
477341
What is 92cc2 (base 14) in base 13?
c502b
What is 250305 (base 7) in base 11?
31430
What is -1241b (base 14) in base 15?
-d3ad
What is -1bfe1 (base 16) in base 10?
-114657
Convert 43143422 (base 5) to base 4.
1121032233
Convert 4223388 (base 11) to base 8.
34307240
-11444675 (base 8) to base 9
-4644030
Convert -2341835 (base 11) to base 5.
-2021242201
111066445 (base 7) to base 16
66947e
Convert -2717134 (base 10) to base 2.
-1010010111010111001110
-77b204 (base 12) to base 15
-279c51
Convert -2088b44 (base 12) to base 4.
-113132101210
-2e3e4 (base 16) to base 12
-91744
-2110042412 (base 5) to base 14
-81d601
What is -3284707 (base 10) in base 7?
-36630256
Convert 440022 (base 14) to base 5.
1042224430
Convert -1003266 (base 8) to base 14.
-6c234
Convert -1075162 (base 8) to base 13.
-a3782
-18478 (base 9) to base 6
-135112
Convert 100111100101010001 (base 2) to base 3.
22020101210
What is 733580 (base 9) in base 4?
1222113222
Convert -130203220 (base 5) to base 13.
-1916a2
Convert 3cd56 (base 16) to base 5.
30433144
42b79a (base 12) to base 7
11661304
-12023012 (base 5) to base 10
-111007
10332131 (base 6) to base 8
1130667
-1010115 (base 9) to base 11
-33830a
-1880893 (base 11) to base 7
-36004536
111804 (base 12) to base 5
32204302
Convert 65040000 (base 8) to base 16.
d44000
What is -5141334 (base 7) in base 15?
-c2416
What is 2bb97 (base 14) in base 9?
175840
What is 101111001010011011 (base 2) in base 11?
122158
What is b43c0a (base 14) in base 12?
2052856
Convert 142122 (base 7) to base 2.
110101000011010
What is -675043 (base 8) in base 9?
-376524
What is -12220002221 (base 3) in base 4?
-130110112
66558 (base 10) to base 15
14ac3
-20833127 (base 9) to base 5
-10033412211
-250205030 (base 6) to base 14
-8c4518
What is 374611 (base 9) in base 7?
1632211
Convert 689069 (base 12) to base 13.
468249
-159890 (base 11) to base 15
-4d41c
Convert -23463 (base 14) to base 8.
-247657
-2102102120102 (base 3) to base 2
-100111010011010010110
What is 223430242 (base 5) in base 2?
11110011110110100110
What is -44a21 (base 15) in base 13?
-7847b
What is 280124 (base 12) in base 2?
10100010000010101100
What is 1425666 (base 7) in base 8?
566370
What is -11137544 (base 8) in base 7?
-26320155
Convert -274531 (base 15) to base 2.
-111001100111000110100
What is -1654642 (base 7) in base 9?
-383451
Convert -658895 (base 10) to base 2.
-10100000110111001111
What is -7a9387 (base 15) in base 7?
-100515202
-a18be (base 15) to base 12
-208098
5144703 (base 8) to base 7
14402633
334080 (base 9) to base 15
3e313
What is 5c65 (base 14) in base 13?
7482
Convert 78173 (base 13) to base 6.
4400102
11322221 (base 5) to base 10
104686
What is -12322404 (base 5) in base 8?
-353042
What is 5514541 (base 6) in base 5?
32241100
Convert 2174647 (base 8) to base 14.
114503
-9c159 (base 14) to base 12
-16336b
101011001110000101 (base 2) to base 3
22222211122
What is -1330966 (base 12) in base 15?
-4eeb5c
What is 60160431 (base 7) in base 2?
10010111110000010010001
Convert 10112020120210 (base 3) to base 13.
5083a7
What is -100 (base 3) in base 12?
-9
Convert -15592735 (base 10) to base 3.
-1002100012012201
What is 3cb4 (base 13) in base 16?
223e
Convert 102020122120 (base 3) to base 13.
799aa
Convert 382d (base 14) to base 16.
2671
Convert 69968 (base 14) to base 11.
166140
-728021 (base 9) to base 10
-432316
Convert 100101000011010000 (base 2) to base 10.
151760
Convert -12104222 (base 5) to base 13.
-3c601
-443435 (base 11) to base 13
-1b9c15
Convert -2835954 (base 10) to base 5.
-1211222304
-1316503 (base 8) to base 2
-1011001110101000011
-3068302 (base 11) to base 14
-a0cc18
Convert 124032 (base 5) to base 9.
6635
-2104032 (base 11) to base 6
-211301432
What is 543344 (base 7) in base 9?
154085
1010010010101100100100 (base 2) to base 12
aa1430
61446 (base 8) to base 15
77c2
-464300 (base 7) to base 12
-40155
Convert 49bc2 (base 13) to base 14.
3780a
Convert 74355 (base 10) to base 9.
122886
What is -1201102212 (base 3) in base 9?
-51385
What is -99232 (base 15) in base 7?
-4064234
Convert -168158 (base 11) to base 14.
-6a921
2221210012000 (base 3) to base 6
53354213
24aba (base 15) to base 9
187654
What is 4131041 (base 6) in base 7?
1454542
11110134334 (base 5) to base 2
101110100000110101000110
What is -265512 (base 9) in base 14?
-42c17
What is -175198 (base 16) in base 3?
-2212122022121
-249773 (base 10) to base 14
-6704d
What is 3243647 (base 8) in base 4?
3110132213
Convert -1320121131 (base 4) to base 8.
-1703135
What is 43034434 (base 5) in base 9?
611346
Convert 15471 (base 16) to base 7.
512043
-3355032 (base 6) to base 14
-463b6
What is 2101111200020 (base 3) in base 11?
797a26
What is -12f90 (base 16) in base 8?
-227620
What is -148821 (base 9) in base 16?
-16690
Convert -129d72 (base 14) to base 4.
-2130233100
-100100110100010011 (base 2) to base 11
-a3334
-11215210 (base 6) to base 8
-1241026
Convert -10010001101100001111 (base 2) to base 7.
-5033541
110011110110111100100000 (base 2) to base 6
1203213012
354f9 (base 16) to base 10
218361
What is -110000000010100010101 (base 2) in base 16?
-180515
What is 12345a6 (base 11) in base 8?
10132617
Convert -2201555 (base 8) to base 6.
-20354421
What is 17777065 (base 9) in base 7?
136136165
Convert 71abda (base 14) to base 2.
1110100111110010001100
What is 5600 (base 11) in base 3?
101010101
-9316a1 (base 12) to base 5
-1042220114
Convert -2124175 (base 9) to base 5.
-242404433
Convert -333054 (base 8) to base 7.
-645014
Convert -733773 (base 8) to base 7.
-2033342
What is -411300304 (base 6) in base 14?
-d1dda8
Convert 3140223231 (base 5) to base 7.
106563543
What is -2221021100022 (base 3) in base 14?
-2c88ab
What is -5570157 (base 8) in base 14?
-2b1c19
Convert -112153 (base 8) to base 12.
-19ba3
Convert 201020100200 (base 3) to base 16.
5c6f4
Convert -21422515 (base 6) to base 15.
-c9d32
Convert -5321417 (base 9) to base 14.
-542155
What is 456356 (base 9) in base 16?
42d05
Convert -303312 (base 4) to base 7.
-12450
Convert -239a73 (base 13) to base 2.
-11001111011110100010
What is -1277538 (base 12) in base 6?
-210015312
Convert 10011111100110110110 (base 2) to base 9.
1205688
What is 32524556 (base 7) in base 2?
1010101010101110000110
Convert 36275 (base 11) to base 13.
1aa0c
232212031 (base 4) to base 11
120440
What is 817818 (base 9) in base 5?
111002341
Convert -10211430 (base 5) to base 2.
-10100110011111000
Convert -15335351 (base 6) to base 15.
-aa751
What is 21021202221 (base 3) in base 11?
98859
-3155145 (base 7) to base 13
-105774
12320341 (base 5) to base 2
11101010100100000
Convert -22002110221121 (base 3) to base 15.
-59e28d
Convert -626162 (base 9) to base 15.
-75302
Convert -5aa47 (base 11) to base 2.
-10101011011100000
What is 5312111 (base 7) in base 10?
641810
14244200 (base 5) to base 6
3114033
-12101222022 (base 3) to base 10
-106415
Convert -ca01a (base 14) to base 15.
-99adb
Convert -6775362 (base 10) to base 5.
-3213302422
Convert 910227 (base 10) to base 14.
199a03
Convert -83847 (base 12) to base 8.
-520367
What is -14a83 (base 13) in base 7?
-222062
Convert 17003 (base 10) to base 7.
100400
Convert 1109204 (base 10) to base 8.
4166324
Convert -819297 (base 11) to base 13.
-37093a
21121220110211 (base 3) to base 4
33131131321
Convert -21470 (base 14) to base 8.
-235112
What is -4aa5e4 (base 15) in base 16?
-369bd7
What is 298273 (base 13) in base 11?
635630
What is 1100001110101110110001 (base 2) in base 3?
20000212220011
140324 (base 6) to base 7
53101
What is -24313542 (base 6) in base 5?
-144200344
-38115 (base 14) to base 4
-201203013
Convert 1565508 (ba